rmine j(u).
-6
Let m(v) be the second derivative of -v**4/3 - v**2/2 - 2*v. What is m(1)?
-5
Let r(a) = a**2 - 2. Let j(f) = 5*f**2 + f. Let d(x) = 0*x**2 + 0*x**2 - x - 1 - 4*x**2 - x. Let p(o) = -4*d(o) - 3*j(o). Let u be p(-3). Determine r(u).
2
Let d(a) = 2*a + 4. Let s(q) = q**3 - 6*q**2 - 9*q + 6. Let t be s(7). Let l be (-14)/t + (-3)/(-12). Let x be (-4 - 1) + 1*l. What is d(x)?
-2
Let i(b) be the third derivative of b**6/120 + b**5/12 + 5*b**4/24 + b**3/3 - 12*b**2. What is i(-4)?
-2
Suppose 8*n + 23 = -17. Let w(t) = t**3 + 4*t**2 - 5*t + 4. Calculate w(n).
4
Suppose 0 = -2*t + t + 4*n - 1, -3*t = 4*n + 3. Let i(b) = -13*b**3 - 2*b - 1. What is i(t)?
14
Suppose -24 = 2*y - 0*y. Let d be 6/y - 14/(-4). Suppose -d*h + 21 - 2 = -4*m, -3*m - h = -2. Let n(o) = 2*o**2 - o - 1. Determine n(m).
2
Let k(l) = -l**2 - 1 + 3*l + 13*l**2 - 13*l**2. Give k(5).
-11
Let j be (-14)/(-3) + (-2)/3. Let b(a) = a - 1. Let m(g) = -3*g + 1. Let k(c) = 5*b(c) + m(c). Calculate k(j).
4
Let h(a) = 5*a**3 + 6*a**2 + a + 6. Let g(k) = -6*k**3 - 6*k**2 - 2*k - 7. Let o(d) = -4*g(d) - 5*h(d). What is o(-6)?
-20
Let j(f) = 7*f + 11. Let x(p) be the second derivative of -4*p**3/3 - 11*p**2/2 - 2*p. Let y(g) = 7*j(g) + 6*x(g). Calculate y(0).
11
Let c(t) = -32*t - 13 + 1 - 37*t + 68*t. Let z = 11 - 17. Give c(z).
-6
Let c(d) = -d**3 + 4*d**2 + d + 1. Let s(f) = -5*f**3 + f**2 - f - 1. Let h be s(-1). Suppose j + h - 10 = 0. What is c(j)?
5
Let i(c) = c**2 + 4*c + 2. Suppose 0*l = -3*l + 9. Let h be 1*(-6)/9*l. What is i(h)?
-2
Let k(g) = -g**2 - 4*g. Let c(r) = -r**2 + 13*r. Let w be c(12). Let s be -8*(-1)/(w/(-9)). What is k(s)?
-12
Suppose 0 = 2*s - 0*s - 4. Let a(j) = -6*j**2 - 2*j + 2*j**s + 3*j. Calculate a(1).
-3
Let h(j) = j**2 + 3*j - 8. Let s be h(-6). Let z be (-2)/s - 62/(-10). Suppose -4*p + w = 13, -1 = -p - z*w + 2*w. Let t(m) = -m**3 - m**2 + 3*m - 3. Give t(p).
6
Let s(q) = -5*q**3 + 4*q**2 - q - 11. Let w(l) = 6*l**3 - 3*l**2 + l + 12. Let o(i) = -5*s(i) - 4*w(i). Calculate o(8).
15
Let y = 20 + -29. Let l = 15 + y. Let j(a) = -20 + 10 - a**2 + 11 + 5*a. Give j(l).
-5
Let z(n) = -n**3 - 6*n**2 - 2*n + 10. Let u(f) = 3*f**3 + 18*f**2 + 6*f - 29. Let m(k) = -3*u(k) - 8*z(k). What is m(-5)?
-8
Suppose d + 15 = 4*d. Let b(r) = -14*r**2 + 2*r - 23. Let w(c) = -5*c**2 + c - 8. Suppose 4*a + 85 = -a. Let u(q) = a*w(q) + 6*b(q). What is u(d)?
-2
Let s be -3*(0 - 6/9). Suppose -7*b = -s*b. Suppose 10 = -b*d - 2*d. Let f(v) = v - 2. Give f(d).
-7
Let y(x) = -x + 5. Let t be y(5). Suppose s = -1 - t. Let g(c) = c**2. What is g(s)?
1
Let y(n) = -n + 2. Suppose 0 = 6*t - 0*t. Give y(t).
2
Let c(h) = 7*h**2 + h + 8. Let v(d) = 8*d**2 + 9. Let u(z) = -7*c(z) + 6*v(z). Give u(-5).
8
Let h = -15 - -9. Let l(x) = x - 10 - 4*x + 15 - 13. Give l(h).
10
Let y(h) = h**3 + 3*h**2 - 8*h + 7. Suppose -3*s - 2*s = 15. Let w(b) = -2*b**3 - 2*b**2 + 9*b - 8. Let f(d) = s*y(d) - 2*w(d). Let r = 97 - 93. Determine f(r).
3
Let n(w) = w**3 - 2*w**2 + 3*w - 3. Let t be n(3). Let m be 24/9*t/(-10). Let j(a) = 0*a - 4*a + 5*a. Determine j(m).
-4
Let r(i) = i + 6. Suppose -21 = 3*j - 3. Determine r(j).
0
Let w be 8/(-18) - (-69)/(-27). Let i(n) = n**2 + n + 3. Let y(g) = -g**2 - 2*g - 4. Let m(s) = -4*i(s) - 3*y(s). What is m(w)?
-15
Let y(d) be the second derivative of d**5/20 + d**4/12 - d**2/2 + 7*d. Determine y(-1).
-1
Let o(a) = a**2 + 4*a - 1. Let x(v) = -2*v - 1. Suppose -2*b - u = b + 19, -5*b - 3*u = 37. Let j be x(b). Suppose -5*f = 6 + j. Determine o(f).
-4
Let j(f) be the first derivative of f**5/20 - 5*f**4/12 + f**3/2 - 3*f**2/2 - 3*f + 4. Let h(n) be the first derivative of j(n). Calculate h(3).
-12
Let u(l) = l**3 - 6*l**2 + 7*l + 1. Let i be u(4). Let v(q) = 5*q - 2. Calculate v(i).
-17
Suppose 3*q + 104 = 7*q. Let o be (-4)/(-26) - (-48)/q. Let t(j) = -2 + 3*j - 5*j**2 + o*j**3 + 2*j**2 - 2*j. What is t(2)?
4
Let z be 88/20 + (-4)/10. Suppose -z*l = -l. Let s(g) = -g - 7. Determine s(l).
-7
Let w(h) be the second derivative of -h**3/3 + 3*h**2 - 5*h. Determine w(5).
-4
Let t(z) be the first derivative of 7*z**2/2 - 14*z + 5. Let q(h) = h - 1. Let w(y) = -14*q(y) + t(y). Calculate w(1).
-7
Let d(r) be the third derivative of -2*r**2 + 0 - 1/2*r**3 + 1/15*r**5 - 1/12*r**4 - 1/120*r**6 + 0*r. Give d(4).
-11
Let l(c) = 11*c + 12. Let q be 34/6 + (-2)/(-6). Let r(f) = -4*f**2 - f + 1. Let n be r(-2). Let a(t) = 5*t + 6. Let s(i) = n*a(i) + q*l(i). Give s(5).
-1
Let y be 0/(3 - (0 - -4)) + 3. Let i(k) = -k**3 + 3*k**2 - 2*k + 3. What is i(y)?
-3
Let j(f) be the first derivative of -f**2/2 + 6*f - 12. Let v be 51/15 + (-4)/10. Give j(v).
3
Let h(p) be the third derivative of 0 - 1/60*p**6 - 1/3*p**3 + 2*p**2 + 0*p - 1/12*p**4 - 1/20*p**5. What is h(-2)?
6
Suppose 0*n + 18 = 2*d + 4*n, 2*d + n = 9. Let h be -1 - (2*-3 - d). Suppose -h = v - 5*v. Let k(l) = -l**3 + 2. What is k(v)?
-6
Let x(c) = -2*c. Let m(n) = -n - 1. Let j(k) = 3*m(k) - 4*x(k). Let o(p) = -p**3 + p**2 + 4. Let w be o(0). Let u = w - 2. Determine j(u).
7
Let g(o) = -5*o + 10. Let z(a) = a**3 + 22*a**2 + 21*a + 7. Let d be z(-21). Determine g(d).
-25
Suppose 4*b - 24 = -4. Let l = b + -4. Let f(j) = 5*j**3 + 2*j - 1. What is f(l)?
6
Let q(m) be the second derivative of -m**3/6 + 3*m**2/2 + m. Determine q(3).
0
Let o(i) = -1 + 0*i + i - 3*i. Give o(-3).
5
Let y(k) be the second derivative of 0 + 4*k + 7/6*k**3 - 1/2*k**2. Determine y(2).
13
Suppose 5*l - 3*l - o - 10 = 0, -3*l + 4 = 4*o. Suppose l*g - 12 = g. Suppose -3*r - g*p = 13, -1 = 2*r + 2*p + 5. Let q(v) = -3*v**2 - 1. Give q(r).
-4
Let w(h) = -4*h**2 - 20*h + 20. Suppose -2*j - 9 = -27. Let o(b) = -b**2 - 5*b + 5. Let n(f) = j*o(f) - 2*w(f). Let d = -10 - -5. Determine n(d).
5
Let z(i) = i + 8. Let o = -17 + 11. Let s be z(o). Let q(f) = 2*f**2 - f**s - 3*f - 1 - 1. Give q(4).
2
Let t(p) be the first derivative of p**3/3 + p**2 + 5*p - 2. Let w(j) be the first derivative of t(j). What is w(-3)?
-4
Let f(l) = -7*l**2 + 3*l + 1. Let w(d) = 13*d**2 - 6*d - 2. Let x(s) = 11*f(s) + 6*w(s). Let a be -2 + 1 + 3 + 0. Let y = a + 0. What is x(y)?
-3
Let k(g) = g - 1. Suppose -2*o = 3*o - 15. Suppose 2*c + o*l + 27 = 0, 0 = c + 4*c - 5*l + 5. Calculate k(c).
-7
Let w be (-2)/(-6) + (-2)/6. Let c(t) = 14*t**3 + 14*t**2 - 14*t - 41. Let x(m) = -5*m**3 - 5*m**2 + 5*m + 14. Let r(y) = -6*c(y) - 17*x(y). Calculate r(w).
8
Let m be (-3 + 2)*-3*1. Let c(a) = m + 3*a - 3. Calculate c(-3).
-9
Suppose i + 4*t = -12, 0*t + 8 = i - t. Suppose 2*s = i, 2 = -z + 2*s - s. Let v(p) = -p - 12. Give v(z).
-12
Let l(a) be the third derivative of -a**5/60 - a**4/6 - a**3/6 - 30*a**2. Give l(-4).
-1
Let f be (9/2)/(18/12). Let p(h) be the third derivative of -1/24*h**4 - 3*h**2 - 1/6*h**f + 0 + 0*h + 1/10*h**5. Give p(-1).
6
Suppose 0 = -6*w - 47 + 29. Let c(r) be the third derivative of -r**5/60 - r**4/6 + r**2. Give c(w).
3
Let q(t) = t - 3*t - 1 + 3*t + 5. Calculate q(0).
4
Let v(z) = -23*z**2 + 12*z + 20. Suppose -3*l - l - 26 = -d, 2*d = 5*l + 37. Let n(f) = -8*f**2 + 4*f + 7. Let q(c) = d*v(c) - 17*n(c). Determine q(3).
-5
Let v(z) = z**2 + z + 2. Let j(u) = u + 7. Let d be j(-11). Calculate v(d).
14
Let z(l) = -2*l**3 - 2*l**2 - 3*l - 2. Let s be z(-2). Suppose 4*v - 5*y + 25 = 0, 2*y + s - 39 = 5*v. Let i(h) = h**2 + 5*h + 7. What is i(v)?
7
Let b(a) be the first derivative of 2*a**3/3 - 2*a**2 + 3*a - 1. Let m be (-2)/6 - (-14)/6. Calculate b(m).
3
Let j(i) = 2*i + 9 - i + 2*i. Suppose -18 = 4*a + 6. Determine j(a).
-9
Let d(l) = 4*l. Let u = -11 - -8. Let w be (-2 + 1)*4 - u. Give d(w).
-4
Let i(q) = 26*q - 6. Let u(h) = 7*h + 1. Let x(d) = 29*d + 5. Let v(l) = 9*u(l) - 2*x(l). Let k(p) = -2*i(p) + 11*v(p). Suppose -w - w - 2 = 0. What is k(w)?
-2
Suppose -4*r = 2*h + 34, 3*r - 2*h + 8 = -0*r. Let j(d) = -d - 1. Calculate j(r).
5
Let k(z) = 7*z**2 - z - 1. Let u = 17 + -6. Let o = 9 - u. Let p = o + 1. Determine k(p).
7
Suppose -2*i + 4 = -i. Let g(t) = 5*t**3 + 2*t**2 - 7*t + 5. Let b(n) = -n**3 - n**2. Let q(m) = 4*b(m) + g(m). Determine q(i).
9
Let j = 0 - -3. Let f = 0 + j. Let l(p) = -p**3 + 1 + 2*p**f + 0*p**3. Determine l(0).
1
Let r(t) be the third derivative of t**4/6 + 4*t**3/3 - 3*t**2. Let h(n) = -n - 1. Let u(w) = -8*h(w) - r(w). Suppose -2*i - 6 = i.